1 + 5040. What are the prime factors of s?
7, 607
Let h = -73 + 18. Suppose 0 = 3*w - 104 - 184. Let v = w + h. List the prime factors of v.
41
Suppose 4*w - 564 = -3*o + 827, 5*o = -4*w + 2329. What are the prime factors of o?
7, 67
Let v(o) = o**2 - 10*o - 18. Let m be v(12). Let f(s) = 16*s - 14. What are the prime factors of f(m)?
2, 41
Suppose -4*n - 10 + 30 = 0. Suppose c - 4 = n*c. Let g(j) = -37*j - 2. What are the prime factors of g(c)?
5, 7
Let d = 964 + -230. List the prime factors of d.
2, 367
Suppose t - 2 - 2 = 0. Let a = -325 + 338. Suppose -t*o + 91 = -a. List the prime factors of o.
2, 13
Let z = 171 - 79. Suppose -3*j + 15 = -4*f - 173, 4*f - z = -2*j. Let k = 109 - j. What are the prime factors of k?
53
Suppose 4*h - 7740 = -0*h - 4*s, -15 = -3*s. What are the prime factors of h?
2, 5, 193
Suppose 0 = -4*i + 6210 + 3586. What are the prime factors of i?
31, 79
Let d(r) = -4*r. Suppose 4*a = 2 + 6. Let t be d(a). List the prime factors of -3 - 46/(t/4).
2, 5
Let g be (10 + -7)*2/(-2). List the prime factors of 2 + g - (-85 - 1).
5, 17
Let j be ((-56)/35)/((-2)/5). Let u(l) = l**2 - 9*l + 8. Let k be u(8). Suppose k = 3*p + j*y - 47, 5*y + 2 = 3*y. What are the prime factors of p?
17
What are the prime factors of 466/3*(-36)/(-12)?
2, 233
Suppose -2*j = -4*n + 4, n - 14 = 3*n - 5*j. List the prime factors of ((-22)/n - -2)*81/(-18).
2, 3
Let i be (-7 - 8/(-1))/(0 + -1). What are the prime factors of ((-30)/30)/(168/(-167) - i)?
167
Let h = 432 - 229. What are the prime factors of h?
7, 29
Let u = 223 + -140. List the prime factors of u.
83
Let i be 0/(-4 + 2) + 448. Suppose -4*f = -4*a - 268, 5*f + 2*a + 99 = i. Suppose -3*r - 5*v = -17 - f, -5*r - 5*v + 140 = 0. What are the prime factors of r?
3
Let f = 36 - 26. Let z = -6 - -8. Suppose -z*n = -58 + f. What are the prime factors of n?
2, 3
Let t be (-14 - -18) + 2*-1. Let x(k) = -t*k**2 - 6*k**2 + 51 + 4*k**2 + 5*k**2. List the prime factors of x(0).
3, 17
Let i be -3 + 4 - -2 - -12. Suppose 6 = -5*m + n + i, 0 = 4*n - 4. Suppose -m*s = -z - 40, -4*z + 126 = 6*s - s. List the prime factors of s.
2, 11
Let i(s) be the second derivative of -s**5/20 - s**4/6 + s**3/2 - s**2 - 2*s. Let m be i(4). Let o = m + 120. What are the prime factors of o?
2, 17
Suppose 0 = 32*v - 28*v + 36. Let b be v + 8 - (-1 - -5). List the prime factors of 346/10 - 2/b.
5, 7
Let i = 206 - -418. List the prime factors of i.
2, 3, 13
Let n(u) = 2*u**2 - 6*u + 9. Let q(r) = 7*r**3 + 2*r**2 - 2*r + 1. Let k be q(1). Let h be -2*(180/k)/(-9). List the prime factors of n(h).
29
Let r(h) = -h**2 + 4*h + 3. Let v be r(5). Let s be 1 - (-1 - -2) - v. Suppose -5*z + s*z + 51 = 0. What are the prime factors of z?
17
Suppose -91*r + 95*r - 6410 = -2*b, 5*b - 16025 = 5*r. What are the prime factors of b?
5, 641
Let h(c) = -227*c - 105. List the prime factors of h(-4).
11, 73
Let c = 138 - -170. What are the prime factors of 1/2*15*c/21?
2, 5, 11
Let b(f) = 85*f - 7. Let p be b(2). Let m = 282 - p. Let t = -66 + m. List the prime factors of t.
53
Suppose -13 - 3 = -4*x. Suppose 4*z - x*f + 29 = 5, 3*f - 10 = -5*z. What are the prime factors of 26*z/6*-3?
13
Suppose -7 = -3*s + 2*u, -4*s + 2*u + 6 = u. Suppose -s + 12 = z. List the prime factors of z.
11
Suppose 7*l - 4*l - 1264 = -5*m, 0 = 5*m - 25. List the prime factors of l.
7, 59
Suppose 0 = 5*r + 4*q + 282, -3*r - 93 = -r - 5*q. List the prime factors of (-2424)/r + (-3)/(-27).
3, 5
Let g = 42 + 157. List the prime factors of g.
199
Suppose -g - 4*z = -14, 0*z = -4*g + 2*z + 2. Suppose -g*f + 0*f - 268 = -3*j, -5*j + f = -456. What are the prime factors of j?
2, 23
Let o = 8584 + -4855. What are the prime factors of o?
3, 11, 113
Let v(k) = 22*k**2 + 2*k - 7. Let p(g) = 22*g**2 + g - 6. Let w(r) = 3*p(r) - 2*v(r). What are the prime factors of w(-3)?
197
What are the prime factors of 2/((-14)/(-91)) - -1989?
2, 7, 11, 13
Suppose 2*j - 6*j = -k + 926, 4*k - 3644 = 4*j. List the prime factors of k.
2, 3, 151
Let m = 22 + -12. Let g = 10 - m. Let q = 11 + g. What are the prime factors of q?
11
Suppose -499*c - 11606 = -506*c. List the prime factors of c.
2, 829
Suppose -p = -4*o + 15, -p = 3*o - 28 + 8. Suppose 2*j - 2*t + 134 = o*j, 2*j - 94 = t. What are the prime factors of j?
2, 23
Let j(y) = 264*y**2 + 4*y + 3. Let g = -1 + 0. List the prime factors of j(g).
263
Suppose 133 = 4*s - 5*q, -3*q - 29 = -5*s + 121. Suppose -4*n = -s + 11. Suppose 0 = b + 5*l - 19, 3*b = -n*l + 5*l + 57. What are the prime factors of b?
19
Suppose 2*x = -9 - 1. Let m(r) = 2*r**2 + 8*r + 9. Let c be m(x). Let u = 9 + c. List the prime factors of u.
2, 7
What are the prime factors of (5/(75/(-5)))/((-13)/178347)?
17, 269
Suppose -11*v + 54350 = 39*v. List the prime factors of v.
1087
Suppose 5*y = -8*y + 4576. Suppose -67*b + 63*b + y = 0. What are the prime factors of b?
2, 11
Let n(y) = 14*y - 27. Let z be n(3). Let q(h) = -h**3 + 15*h**2 + 10*h - 32. What are the prime factors of q(z)?
2, 59
Let k(h) = 45*h**2 - 16*h + 31. List the prime factors of k(-6).
1747
Let s(d) = d**3 - 3*d**2 + d - 3. Suppose -o = 4*i - 11, 0*i + 3*i = 5*o - 9. Let a be s(o). Suppose a = -n + 8*n - 196. List the prime factors of n.
2, 7
Let f(z) = z - 7. Let b(d) = 4*d - 28. Let j = -12 - -10. Let x(q) = j*b(q) + 9*f(q). List the prime factors of x(9).
2
Let s be ((4/(-3))/4)/(1/(-3)). List the prime factors of (0 - -5 - -138)/s.
11, 13
Let z be -38*(2 - 30/3). Suppose 2*f - 3*w - z = 0, 3*f - 3*w - w = 458. List the prime factors of f.
2, 79
Let p(k) = 11*k**2 + 3*k. Let a be 1/(-3) - 24/9. List the prime factors of p(a).
2, 3, 5
Let m = 1255 - 654. List the prime factors of m.
601
Let o(t) = 1021*t**2 + 33*t + 33. What are the prime factors of o(-1)?
1021
Let d = -11 + 15. Suppose 33 - d = -5*m + 3*l, -m = 4*l - 8. What are the prime factors of 1/(-2) - 134/m?
3, 11
Let b(g) = -6 + 4*g**3 - g + g**3 - 6*g**3 - 5*g**2 - 5*g. List the prime factors of b(-4).
2
Let n = -662 + 931. List the prime factors of n.
269
Let s(u) = u**3 - 12*u**2 + u + 16. Let x be s(12). Suppose -b + 82 = 5*g - 50, -g - b + x = 0. Suppose -5*f - g = -106. List the prime factors of f.
2
Let p(d) = -d**3 + 7*d**2 + 8*d + 3. Let x be p(8). Suppose n - b = 103, -n - x*b = 3*n - 405. List the prime factors of n.
2, 3, 17
Let o = 512 + -231. What are the prime factors of o?
281
Let i be 42*((-3)/6)/1. Suppose 2*f + 3*o = -106, -2*f - 2*o - 99 = 5. Let b = i - f. What are the prime factors of b?
29
Let w = 2704 + -2367. List the prime factors of w.
337
Suppose -57 - 92 = -c. List the prime factors of c.
149
Let k(x) = x**2 + 11*x + 680. What are the prime factors of k(0)?
2, 5, 17
Let v be (2 - 6 - -4)/(-1). Suppose -145 = i - v*i. Let w = i + 209. What are the prime factors of w?
2
Suppose 0 = u - 0 + 3. What are the prime factors of 4/((-46)/16 - u)?
2
Suppose 6*a + 4468 = 10*a - 2*f, 2*a + 2*f = 2222. List the prime factors of a.
5, 223
What are the prime factors of 36/(-84) + (-21180)/(-28)?
2, 3, 7
Suppose -2*a + 760 = 2*f, 5*f - 237 = -a + 143. List the prime factors of a.
2, 5, 19
Let s(c) = 90*c**2 - 6*c + 9. Let v be s(-3). Suppose 4*u = -2*n + 5*n - v, -n - 3*u + 292 = 0. List the prime factors of n.
283
Suppose 5*h - 26 - 1 = 4*k, 5*h = -3*k + 6. Suppose 11 = -h*c + 2*u - 7, -18 = 3*c + u. List the prime factors of c/(-9)*15/5.
2
Let z(n) = 6*n**2 - 15*n. What are the prime factors of z(10)?
2, 3, 5
Let g = -11 + 229. Suppose 3*b = 2*l - g, 0*l - 5*b = -2*l + 218. List the prime factors of l.
109
Let r = 91 - 65. Let f = 45 + r. List the prime factors of f.
71
Suppose 0 = 6*x - 8*x + 62. Let s = x - -7. What are the prime factors of s?
2, 19
Let a(s) = s + 3. Let v(d) = -2*d - 3. Let z(o) = -3*a(o) - 2*v(o). Let g be z(5). Suppose -6*c + 121 = -c - p, 62 = g*c + 3*p. List the prime factors of c.
5
Let l = -24 + 14. Let q be (-1 - l/(-4))*-4. List the prime factors of (-1 + q - 2)*2.
2, 11
Suppose -5*s = 3*o + 12, o + 20 = -4*s - 4*o. Suppose -5*x - 3*g = -4 - 5, -x - 5 = 4*g. Suppose s = 8*a - x*a - 70. List the prime factors of a.
2, 7
Let x be 2 + (-1)/(-1)*-60. Let g = x - -100. What are the prime factors of g?
2, 3, 7
Let l = -26 - -2. List the prime factors of 54/8 - (-18)/l.
2, 3
Suppose 6 = k - 0. Let q(t) = -3 -